Let g(n) = n**2 - 14*n + 10. Let x be g(f). Suppose -x*v = -14*v + 224. List the prime factors of v.
2, 7
Let y(a) be the second derivative of -15*a**3/2 + 7*a**2/2 + 11*a. What are the prime factors of y(-2)?
97
Suppose g - 378 = 3*o + o, 3*o + 4*g + 274 = 0. Let m be (-10)/(-60) - o/12. Suppose -m*h - 7 = -79. What are the prime factors of h?
3
Suppose -37*y + 29971 = 6*y. What are the prime factors of y?
17, 41
Let d(r) = 3 - 6*r**3 + 6*r**3 - 6*r + 7*r**2 - r**3 + 3. Let l be d(6). Let o = 28 - l. List the prime factors of o.
2, 11
Let y(m) = -15*m**3 + m**2 + 10*m - 1. List the prime factors of y(-4).
5, 11, 17
Suppose 2*i - 5*z - 388 = 0, 0*z - z - 993 = -5*i. Suppose u - i = 2*w + 133, -w = 2*u - 659. List the prime factors of u.
2, 3, 5, 11
Let u(t) be the second derivative of -t**5/20 - 7*t**4/4 + 5*t**3/2 + 7*t**2 - 38*t. What are the prime factors of u(-22)?
2, 3, 7
Suppose 7*h = 3*h + 2*x + 3076, 4*h + 3*x = 3086. List the prime factors of h.
2, 5, 7, 11
Let i = -505 + 1033. What are the prime factors of i?
2, 3, 11
Let z(u) = -u**2 - 14*u - 4. Let m be z(-7). Let r = m - -31. List the prime factors of r.
2, 19
Let g = -12 + -13. Let q = -23 - g. Suppose d - 68 = -d - b, -3*d + q*b + 95 = 0. List the prime factors of d.
3, 11
Let f be 34/119 - (-60)/(-14). Let v = 16 - f. List the prime factors of v.
2, 5
Let n be 1*16 - 1*-2. Let t be 3/9 - 4/12. Suppose t*b - n = -b. What are the prime factors of b?
2, 3
Suppose 0 = -5*y + t + 9025, -14*t + 12*t = 4*y - 7206. List the prime factors of y.
2, 11, 41
Let c(h) = -15*h + 1. Suppose 3*m + m = 36. Let t be (-3)/m + (-15)/9. List the prime factors of c(t).
31
Suppose -268 = 9*x + 1676. Let p = x - -325. What are the prime factors of p?
109
Suppose 72*h - 12 = 70*h. Let d be (-165)/(-2) + (-2)/(-4). Suppose 0 = b - 5*q - h, d - 27 = 5*b + q. What are the prime factors of b?
11
Let y(s) = -s**2 + 11*s + 4. Let x be y(11). Suppose -585 = -5*w + 4*m, w = -w - x*m + 206. List the prime factors of w.
113
Let c be 3/(-2)*40/(-12). Let w(n) = n**2 + 8*n - 5. List the prime factors of w(c).
2, 3, 5
Let h be (-1)/4*-2*-12. Let r(q) = -q + 3. Let d be r(h). List the prime factors of (-13 + d)/((-2)/10).
2, 5
Let w(k) = -2*k**3 + 13*k**2 + 8*k - 10. List the prime factors of w(6).
2, 37
What are the prime factors of -8*(-3)/12 + 33984/12?
2, 13, 109
Let n = 19 - 18. Let p be (-1 - -1) + (7 - n). Suppose 18 = 4*k + p. List the prime factors of k.
3
Let n(x) = -28 - 8*x + x + 37. What are the prime factors of n(-4)?
37
Let k be 1/(-2)*-9*4. What are the prime factors of (-2)/1*(-3)/(k/354)?
2, 59
Let f(u) = u - 1. Let o(c) = 10*c + 4. Let q(s) = -3*f(s) + o(s). Suppose 0 = 5*m - 6 - 24. List the prime factors of q(m).
7
What are the prime factors of (-7868)/(-60) - (-10)/(-75)?
131
Let a(r) = -1947*r - 122. What are the prime factors of a(-1)?
5, 73
Let z be (176/10)/(122/305). Suppose -5*p = -51 - 39. Let f = z - p. What are the prime factors of f?
2, 13
Suppose -9198 = 755*z - 762*z. List the prime factors of z.
2, 3, 73
Suppose -b + 1 = -3. Suppose -2*l + 28 = -6*l + n, 16 = -b*n. Let z(r) = r**3 + 8*r**2 - 5*r + 9. List the prime factors of z(l).
7
Suppose 0 = -0*g + 2*g. Suppose g = -5*z - 15, -7*u + 107 = -2*u + z. Suppose t - 5*s = -2*t + 34, -4*t + 2*s = -u. List the prime factors of t.
3
Suppose 0*m + 4*u = -m, 2*m - u = 18. Let v(o) = 2*o**2 - 14*o + 4. List the prime factors of v(m).
2, 5
Suppose 0 = 3*w + 4*r - 12, w + 47 = 5*w - 5*r. Suppose -w*t = 6 - 38. What are the prime factors of t?
2
Let n(v) = v**2 + 12*v - 11. Let q be n(-13). Suppose q*z - 455 = -5*z. List the prime factors of z.
5, 13
Let z be -1 - 0 - (-2 - 9). Suppose l + z = -0. Let x = l + 23. List the prime factors of x.
13
Let h be (-3)/12 - 2127/(-12). Suppose -3*l + 87 = -4*c, 5*l + 3*c - h = -c. List the prime factors of l.
3, 11
Let s(l) = -l**2 - 8*l - 3. Let q be s(-7). Let u = -164 - -451. Suppose 5*r + 4*z - 3*z - u = 0, -2*r - q*z + 104 = 0. What are the prime factors of r?
2, 29
Let c be 723 + -34 - ((-4)/(-2) + 1). Suppose 5*u + c = 12*u. List the prime factors of u.
2, 7
Let m(d) = -d**2 - 10*d - 50. Let q be m(-12). Let g = q + 178. What are the prime factors of g?
2, 13
Let d = -32 + 35. Suppose -132 = -d*v + v. What are the prime factors of v?
2, 3, 11
Suppose 2 + 8 = 5*i, -i - 18 = -5*z. Suppose -3*g - 2*g = -2*d + 176, 16 = z*g. What are the prime factors of d?
2, 7
Let f(x) = -x + 1. Let c(j) = j**2 + 3*j - 3. Let q(u) = 2*c(u) + 5*f(u). Let t be q(-2). Suppose t = -2*b + 15. What are the prime factors of b?
5
Let t be -2 + 0 + 8 + -90. Let h = t - -132. What are the prime factors of h?
2, 3
Let o(m) = -m**2 - 2*m + 70. Let d(p) = 2*p + 0*p - p + p + 8. Let z be d(-4). What are the prime factors of o(z)?
2, 5, 7
What are the prime factors of 9/(72/28)*298?
7, 149
Let t(z) = -z**3 + 9*z**2 + 13*z - 2. Let w be t(10). Let r(q) = -q**2 - 5*q - 1. Let a be r(-2). Let d = w - a. List the prime factors of d.
23
Suppose -3*q = -5*h - 2 + 5, 5*h = -3*q + 27. Suppose -h*o + 4*c = -o + 16, 4*c + 20 = -o. Let j = 12 - o. What are the prime factors of j?
2, 3
Let m = -78 - -159. Let k = 98 - m. What are the prime factors of k?
17
Let d = -2424 - -3420. What are the prime factors of d?
2, 3, 83
Let u = 46 + 748. List the prime factors of u.
2, 397
Let t(z) = z**3 + 3*z**2 - 8*z - 1. Let c be t(-6). List the prime factors of 0 - (c + 0/4).
61
Let p be 1*(-4)/(8/2). Let b = -4 - p. List the prime factors of (b/(-6))/((-2)/(-8)).
2
Let r be -76*(0 + -3)/3. Suppose 4*w - 72 = r. Suppose 15 - w = -f. List the prime factors of f.
2, 11
Let u = -2024 + -656. List the prime factors of (4/10 - 0)/((-8)/u).
2, 67
Let u = 96 - 164. Let y = -37 - u. Let m = 66 - y. List the prime factors of m.
5, 7
Suppose -83 - 197 = 5*x. Let a = -4 - x. What are the prime factors of a?
2, 13
Suppose 2*c = -3*x + 4*c + 19, 5*x - 2*c - 29 = 0. Suppose -2*g + x*g - 75 = 0. List the prime factors of g.
5
Let g(a) be the first derivative of -9*a**2/2 - 12*a + 3. Let m = -90 + 81. List the prime factors of g(m).
3, 23
Let k be (-2716)/(-21) + (-4)/(-6). Suppose 2*b - k = -3*b. What are the prime factors of b?
2, 13
Let a(l) be the first derivative of 4*l**3/3 - 4*l**2 - 29*l + 34. List the prime factors of a(-7).
223
Let i be -3 + 0 + -19 + 12. Let o be 0/2 + (-660)/i. Suppose -4*f + 2*c + 82 = 0, c - o = -3*f - 2. What are the prime factors of f?
3, 7
Let i(l) = -l**2 - 16*l + 17. Suppose 45 = -3*v + 3*u, -v - 5*u - 29 = 2*v. List the prime factors of i(v).
2, 7
What are the prime factors of (-16)/(-56) + (-9680)/(-28)?
2, 173
Let q be (3/(-7))/(5/(-35)). Suppose 0 = q*i - 3, -c - 4*i = -14 - 20. What are the prime factors of c?
2, 3, 5
Let l be (6/12)/(3/30). List the prime factors of -1 + (10 + 0)/(-3 + l).
2
Suppose 5*c + 2*p = -670, -3*c + p = c + 549. Let f = 232 + c. List the prime factors of f.
2, 3
List the prime factors of (-27 + 3)/(-6) + 469.
11, 43
Let y = 371 + -196. List the prime factors of y.
5, 7
Let g = -778 - -2407. List the prime factors of g.
3, 181
Let p be 28/(-14) + 1/(2/52). List the prime factors of (p/20)/((-9)/(-660)).
2, 11
Suppose 0 = t + 2*y - 15, 10*t + y = 5*t + 75. What are the prime factors of (85/t - -3)*3?
2, 13
List the prime factors of 1*(-6 + 5)*-2477.
2477
Let m(h) = 17*h**2 + 13*h - 27. What are the prime factors of m(7)?
3, 13, 23
Suppose -4*o + 21 - 145 = 0. Let a = 2 - o. List the prime factors of a.
3, 11
Suppose 0 = -z - 7 + 31. List the prime factors of 352/z + (-2)/3.
2, 7
Suppose -b - 13 + 32 = 0. What are the prime factors of b?
19
Let w(v) = v**2 - v - 9. Suppose 4*h + 2*t - 90 = 0, -3*h + 50 = -0*h - 2*t. Suppose 3*d = l - h, 3*l + 5 = 2*d + 30. What are the prime factors of w(l)?
11
Let f(k) be the first derivative of -2*k**2 - 5*k - 13. Let s be (-2)/((-2)/6 - -1). What are the prime factors of f(s)?
7
Let p = 699 - 327. List the prime factors of p.
2, 3, 31
Let l(d) = 244*d**2 - 3*d - 4. List the prime factors of l(2).
2, 3, 7, 23
Let v(z) = z**3 - 15*z**2 + 19*z + 68. What are the prime factors of v(18)?
2, 691
Suppose -4*c = -18*y + 13*y + 3039, 2424 = 4*y + 4*c. List the prime factors of y.
607
Let a = -4 + 8. Suppose 0 = -3*u + a*u + 4. Let v(n) = -n**3 - 2*n**2 + n - 4. What are the 